{"id":491,"date":"2025-09-07T16:52:20","date_gmt":"2025-09-07T13:52:20","guid":{"rendered":"https:\/\/www.mayagelinlik.com\/index.php\/silverstorm\/"},"modified":"2025-09-19T17:49:20","modified_gmt":"2025-09-19T14:49:20","slug":"silverstorm","status":"publish","type":"page","link":"https:\/\/www.mayagelinlik.com\/","title":{"rendered":"Front Page"},"content":{"rendered":"<div data-colibri-id=\"491-c1\" class=\"style-324 style-local-491-c1 position-relative\">\n  <!---->\n  <div data-colibri-component=\"section\" data-colibri-id=\"491-c2\" id=\"about\" class=\"h-section h-section-global-spacing d-flex align-items-lg-center align-items-md-center align-items-center style-461 style-local-491-c2 position-relative\">\n    <!---->\n    <!---->\n    <div class=\"h-section-grid-container h-section-boxed-container\">\n      <!---->\n      <div data-colibri-id=\"491-c3\" class=\"h-row-container gutters-row-lg-0 gutters-row-md-0 gutters-row-0 gutters-row-v-lg-0 gutters-row-v-md-0 gutters-row-v-0 style-462 style-local-491-c3 position-relative\">\n        <!---->\n        <div class=\"h-row justify-content-lg-center justify-content-md-center justify-content-center align-items-lg-stretch align-items-md-stretch align-items-stretch gutters-col-lg-0 gutters-col-md-0 gutters-col-0 gutters-col-v-lg-0 gutters-col-v-md-0 gutters-col-v-0\">\n          <!---->\n          <div class=\"h-column h-column-container d-flex h-col-lg-auto h-col-md-auto h-col-auto style-463-outer style-local-491-c4-outer\">\n            <div data-colibri-id=\"491-c4\" class=\"d-flex h-flex-basis h-column__inner h-ui-empty-state-container h-px-lg-0 h-px-md-0 h-px-0 v-inner-lg-0 v-inner-md-0 v-inner-0 style-463 style-local-491-c4 position-relative\">\n              <!---->\n              <!---->\n              <div class=\"w-100 h-y-container h-column__content h-column__v-align flex-basis-100\">\n                <!---->\n              <\/div>\n            <\/div>\n          <\/div>\n          <div class=\"h-column h-column-container d-flex h-col-lg-auto h-col-md-auto h-col-auto style-464-outer style-local-491-c5-outer\">\n            <div data-colibri-id=\"491-c5\" class=\"d-flex h-flex-basis h-column__inner h-px-lg-2 h-px-md-2 h-px-2 v-inner-lg-2 v-inner-md-2 v-inner-2 style-464 style-local-491-c5 position-relative\">\n              <!---->\n              <!---->\n              <div class=\"w-100 h-y-container h-column__content h-column__v-align flex-basis-100 align-self-lg-start align-self-md-start align-self-start\">\n                <!---->\n                <div data-colibri-id=\"491-c6\" class=\"h-global-transition-all h-heading style-466 style-local-491-c6 position-relative h-element\">\n                  <!---->\n                  <div class=\"h-heading__outer style-466 style-local-491-c6\">\n                    <!---->\n                    <!---->\n                    <h2 class=\"\">Hayalinizdeki Gelinlik Burada!<\/h2>\n                  <\/div>\n                <\/div>\n                <div data-colibri-id=\"491-c7\" class=\"h-text h-text-component style-467 style-local-491-c7 position-relative h-element\">\n                  <!---->\n                  <!---->\n                  <div class=\"\">\n                    <p style=\"cursor: text;\">Gelinlerimizin \u00f6zel g\u00fcnlerine \u015f\u0131kl\u0131k kat\u0131yoruz. <\/p>\n                    <p style=\"cursor: text;\">Maya Gelinlik&#8217;te her detay sizin i\u00e7in \u00f6zenle haz\u0131rland\u0131.<\/p>\n                  <\/div>\n                <\/div>\n              <\/div>\n            <\/div>\n          <\/div>\n        <\/div>\n      <\/div>\n    <\/div>\n  <\/div>\n  <div data-colibri-component=\"section\" data-colibri-id=\"491-c8\" id=\"clients\" class=\"h-section h-section-global-spacing d-flex align-items-lg-center align-items-md-center align-items-center style-504 style-local-491-c8 position-relative\">\n    <!---->\n    <!---->\n    <div class=\"h-section-grid-container h-section-boxed-container\">\n      <div data-colibri-id=\"491-c16\" class=\"h-row-container gutters-row-lg-2 gutters-row-md-2 gutters-row-0 gutters-row-v-lg-2 gutters-row-v-md-2 gutters-row-v-2 style-508 style-local-491-c16 position-relative\">\n        <!---->\n        <div class=\"h-row justify-content-lg-center justify-content-md-center justify-content-center align-items-lg-stretch align-items-md-stretch align-items-stretch gutters-col-lg-2 gutters-col-md-2 gutters-col-0 gutters-col-v-lg-2 gutters-col-v-md-2 gutters-col-v-2\">\n          <!---->\n          <div class=\"h-column h-column-container d-flex h-col-lg-auto h-col-md-auto h-col-auto style-509-outer style-local-491-c17-outer\">\n            <div data-colibri-id=\"491-c17\" class=\"d-flex h-flex-basis h-column__inner h-px-lg-2 h-px-md-2 h-px-2 v-inner-lg-2 v-inner-md-2 v-inner-2 style-509 style-local-491-c17 position-relative\">\n              <!---->\n              <!---->\n              <div class=\"w-100 h-y-container h-column__content h-column__v-align flex-basis-100 align-self-lg-start align-self-md-start align-self-start\">\n                <!---->\n                <div data-colibri-id=\"491-c18\" class=\"h-global-transition-all h-heading style-510 style-local-491-c18 position-relative h-element\">\n                  <!---->\n                  <div class=\"h-heading__outer style-510 style-local-491-c18\">\n                    <!---->\n                    <!---->\n                    <h2 class=\"\">B\u00fct\u00e7enize ve Zevkinize Uygun Gelinlik \u00c7\u00f6z\u00fcmleri!<\/h2>\n                  <\/div>\n                <\/div>\n                <div data-colibri-id=\"491-c19\" class=\"h-lead h-text h-text-component style-511 style-local-491-c19 position-relative h-element\">\n                  <!---->\n                  <!---->\n                  <div class=\"\">\n                    <p style=\"cursor: text;\">\n                      <br> S\u0131f\u0131r, ikinci el, kiral\u0131k ve sat\u0131l\u0131k gelinlik se\u00e7eneklerimizle her b\u00fct\u00e7eye uygun \u00e7\u00f6z\u00fcmler sunuyoruz.\n                      <br> \u00d6zel g\u00fcn\u00fcn\u00fczde \u0131\u015f\u0131ldaman\u0131z i\u00e7in en trend modeller, kaliteli kuma\u015flar ve \u015f\u0131k tasar\u0131mlar sizleri bekliyor.\n                      <br> Hemen gelinlik koleksiyonumuzu inceleyin, hayallerinizi ger\u00e7e\u011fe d\u00f6n\u00fc\u015ft\u00fcr\u00fcn!<\/p>\n                  <\/div>\n                <\/div>\n              <\/div>\n            <\/div>\n          <\/div>\n        <\/div>\n      <\/div>\n      <div data-colibri-id=\"491-c9\" class=\"h-row-container gutters-row-lg-2 gutters-row-md-2 gutters-row-0 gutters-row-v-lg-2 gutters-row-v-md-2 gutters-row-v-2 style-505 style-local-491-c9 position-relative\">\n        <!---->\n        <div class=\"h-row justify-content-lg-center justify-content-md-center justify-content-center align-items-lg-stretch align-items-md-stretch align-items-stretch gutters-col-lg-2 gutters-col-md-2 gutters-col-0 gutters-col-v-lg-2 gutters-col-v-md-2 gutters-col-v-2\">\n          <!---->\n          <div class=\"h-column h-column-container d-flex h-col-lg-3 h-col-md-3 h-col-6 style-506-outer style-local-491-c10-outer\">\n            <div data-colibri-id=\"491-c10\" class=\"d-flex h-flex-basis h-column__inner h-ui-empty-state-container h-px-lg-0 h-px-md-0 h-px-2 v-inner-lg-0 v-inner-md-0 v-inner-2 style-506 style-local-491-c10 position-relative\">\n              <!---->\n              <!---->\n              <div class=\"w-100 h-y-container h-column__content h-column__v-align flex-basis-100\">\n                <!---->\n              <\/div>\n            <\/div>\n          <\/div>\n          <div class=\"h-column h-column-container d-flex h-col-lg-3 h-col-md-3 h-col-6 style-506-outer style-local-491-c11-outer\">\n            <div data-colibri-id=\"491-c11\" class=\"d-flex h-flex-basis h-column__inner h-px-lg-0 h-px-md-0 h-px-2 v-inner-lg-0 v-inner-md-0 v-inner-2 style-506 style-local-491-c11 position-relative\">\n              <!---->\n              <!---->\n              <div class=\"w-100 h-y-container h-column__content h-column__v-align flex-basis-100 align-self-lg-center align-self-md-center align-self-center\">\n                <!---->\n                <div data-colibri-id=\"491-c12\" class=\"d-block style-514 style-local-491-c12 position-relative h-element\">\n                  <!---->\n                  <div class=\"h-image__frame-container-outer\">\n                    <a href=\"https:\/\/www.instagram.com\/maya_gelinlik\/\" h-use-smooth-scroll=\"true\" class=\"image-link\">\n                      <div class=\"h-image__frame-container\">\n                        <!---->\n                        <!---->\n                        <img decoding=\"async\" width=\"97\" height=\"98\" src=\"http:\/\/www.mayagelinlik.com\/wp-content\/uploads\/2025\/09\/1-1.jpg\" class=\"wp-image-1199 style-514-image style-local-491-c12-image\" alt=\"\" \/>\n                        <div class=\"h-image__frame h-hide-lg h-hide-md h-hide-sm style-514-frameImage style-local-491-c12-frameImage\"><\/div>\n                      <\/div>\n                    <\/a>\n                  <\/div>\n                <\/div>\n              <\/div>\n            <\/div>\n          <\/div>\n          <div class=\"h-column h-column-container d-flex h-col-lg-3 h-col-md-3 h-col-6 style-506-outer style-local-491-c13-outer\">\n            <div data-colibri-id=\"491-c13\" class=\"d-flex h-flex-basis h-column__inner h-ui-empty-state-container h-px-lg-0 h-px-md-0 h-px-2 v-inner-lg-0 v-inner-md-0 v-inner-2 style-506 style-local-491-c13 position-relative\">\n              <!---->\n              <!---->\n              <div class=\"w-100 h-y-container h-column__content h-column__v-align flex-basis-100\">\n                <!---->\n              <\/div>\n            <\/div>\n          <\/div>\n          <div class=\"h-column h-column-container d-flex h-col-lg-3 h-col-md-3 h-col-6 style-506-outer style-local-491-c14-outer\">\n            <div data-colibri-id=\"491-c14\" class=\"d-flex h-flex-basis h-column__inner h-px-lg-0 h-px-md-0 h-px-2 v-inner-lg-0 v-inner-md-0 v-inner-2 style-506 style-local-491-c14 position-relative\">\n              <!---->\n              <!---->\n              <div class=\"w-100 h-y-container h-column__content h-column__v-align flex-basis-100 align-self-lg-center align-self-md-center align-self-center\">\n                <!---->\n                <div data-colibri-id=\"491-c15\" class=\"d-block style-513 style-local-491-c15 position-relative h-element\">\n                  <!---->\n                  <div class=\"h-image__frame-container-outer\">\n                    <a href=\"https:\/\/www.facebook.com\/100054236317259\/photos\/\" h-use-smooth-scroll=\"true\" class=\"image-link\">\n                      <div class=\"h-image__frame-container\">\n                        <!---->\n                        <!---->\n                        <img decoding=\"async\" width=\"87\" height=\"88\" src=\"http:\/\/www.mayagelinlik.com\/wp-content\/uploads\/2025\/09\/2-1.jpg\" class=\"wp-image-1207 style-513-image style-local-491-c15-image\" alt=\"\" \/>\n                        <div class=\"h-image__frame h-hide-lg h-hide-md h-hide-sm style-513-frameImage style-local-491-c15-frameImage\"><\/div>\n                      <\/div>\n                    <\/a>\n                  <\/div>\n                <\/div>\n              <\/div>\n            <\/div>\n          <\/div>\n        <\/div>\n      <\/div>\n    <\/div>\n  <\/div>\n  <div data-colibri-component=\"section\" data-colibri-id=\"491-c20\" id=\"overlappable\" class=\"h-section h-section-global-spacing d-flex align-items-lg-center align-items-md-center align-items-center style-475 style-local-491-c20 position-relative\">\n    <!---->\n    <!---->\n    <div class=\"h-section-grid-container h-section-boxed-container\">\n      <!---->\n      <div data-colibri-id=\"491-c21\" class=\"h-row-container gutters-row-lg-0 gutters-row-md-0 gutters-row-2 gutters-row-v-lg-0 gutters-row-v-md-0 gutters-row-v-2 style-476 style-local-491-c21 position-relative\">\n        <!---->\n        <div class=\"h-row justify-content-lg-center justify-content-md-center justify-content-center align-items-lg-stretch align-items-md-stretch align-items-stretch gutters-col-lg-0 gutters-col-md-0 gutters-col-2 gutters-col-v-lg-0 gutters-col-v-md-0 gutters-col-v-2\">\n          <!---->\n          <div class=\"h-column h-column-container d-flex h-col-lg-3 h-col-md-3 h-col-12 style-477-outer style-local-491-c22-outer\">\n            <div data-colibri-id=\"491-c22\" class=\"d-flex h-flex-basis h-column__inner h-px-lg-3 h-px-md-3 h-px-2 v-inner-lg-3 v-inner-md-3 v-inner-2 style-477 style-local-491-c22 position-relative\">\n              <!---->\n              <!---->\n              <div class=\"w-100 h-y-container h-column__content h-column__v-align flex-basis-100 align-self-lg-center align-self-md-center align-self-center\">\n                <!---->\n                <div data-colibri-id=\"491-c23\" class=\"h-icon style-478 style-local-491-c23 position-relative h-element\">\n                  <!---->\n                  <a href=\"https:\/\/www.mayagelinlik.com\/index.php\/2025\/09\/07\/gelinlik-secerken-nelere-dikkat-etmelisiniz\/\" h-use-smooth-scroll=\"true\"><span class=\"h-svg-icon h-icon__icon style-478-icon style-local-491-c23-icon\"><!--Icon by Font Awesome (https:\/\/fontawesome.com)-->\n    <svg version=\"1.1\" xmlns=\"http:\/\/www.w3.org\/2000\/svg\" xmlns:xlink=\"http:\/\/www.w3.org\/1999\/xlink\" id=\"female\" viewBox=\"0 0 1280 1896.0833\">\n      <path d=\"M1280 1056q0 40-28 68t-68 28q-51 0-80-43L877 768h-45v132l247 411q9 15 9 33 0 26-19 45t-45 19H832v272q0 46-33 79t-79 33H560q-46 0-79-33t-33-79v-272H256q-26 0-45-19t-19-45q0-18 9-33l247-411V768h-45l-227 341q-29 43-80 43-40 0-68-28t-28-68q0-29 16-53l256-384q73-107 176-107h384q103 0 176 107l256 384q16 24 16 53zM864 256q0 93-65.5 158.5T640 480t-158.5-65.5T416 256t65.5-158.5T640 32t158.5 65.5T864 256z\"><\/path>\n    <\/svg><\/span><\/a>\n                <\/div>\n                <div data-colibri-id=\"491-c24\" class=\"h-global-transition-all h-heading style-479 style-local-491-c24 position-relative h-element\">\n                  <!---->\n                  <div class=\"h-heading__outer style-479 style-local-491-c24\">\n                    <!---->\n                    <!---->\n                    <a href=\"https:\/\/www.mayagelinlik.com\/index.php\/2025\/09\/07\/gelinlik-secerken-nelere-dikkat-etmelisiniz\/\" h-use-smooth-scroll=\"true\">\n                      <h5 class=\"\">GEL\u0130NL\u0130K SE\u00c7ERKEN<\/h5>\n                    <\/a>\n                  <\/div>\n                <\/div>\n              <\/div>\n            <\/div>\n          <\/div>\n          <div class=\"h-column h-column-container d-flex h-col-lg-3 h-col-md-3 h-col-12 style-477-outer style-local-491-c25-outer\">\n            <div data-colibri-id=\"491-c25\" class=\"d-flex h-flex-basis h-column__inner h-px-lg-3 h-px-md-3 h-px-2 v-inner-lg-3 v-inner-md-3 v-inner-2 style-477 style-local-491-c25 position-relative\">\n              <!---->\n              <!---->\n              <div class=\"w-100 h-y-container h-column__content h-column__v-align flex-basis-100 align-self-lg-center align-self-md-center align-self-center\">\n                <!---->\n                <div data-colibri-id=\"491-c26\" class=\"h-icon style-478 style-local-491-c26 position-relative h-element\">\n                  <!---->\n                  <a href=\"https:\/\/www.mayagelinlik.com\/index.php\/2025\/09\/07\/gelinlik-randevusuna-gelirken-dikkat-edilecek-5-nokta\/\" h-use-smooth-scroll=\"true\"><span class=\"h-svg-icon h-icon__icon style-478-icon style-local-491-c26-icon\"><!--Icon by Font Awesome (https:\/\/fontawesome.com)-->\n    <svg version=\"1.1\" xmlns=\"http:\/\/www.w3.org\/2000\/svg\" xmlns:xlink=\"http:\/\/www.w3.org\/1999\/xlink\" id=\"calendar\" viewBox=\"0 0 1672.2646 1896.0833\">\n      <path d=\"M128 1664h288v-288H128v288zm352 0h320v-288H480v288zm-352-352h288V992H128v320zm352 0h320V992H480v320zM128 928h288V640H128v288zm736 736h320v-288H864v288zM480 928h320V640H480v288zm768 736h288v-288h-288v288zm-384-352h320V992H864v320zM512 448V160q0-13-9.5-22.5T480 128h-64q-13 0-22.5 9.5T384 160v288q0 13 9.5 22.5T416 480h64q13 0 22.5-9.5T512 448zm736 864h288V992h-288v320zM864 928h320V640H864v288zm384 0h288V640h-288v288zm32-480V160q0-13-9.5-22.5T1248 128h-64q-13 0-22.5 9.5T1152 160v288q0 13 9.5 22.5t22.5 9.5h64q13 0 22.5-9.5t9.5-22.5zm384-64v1280q0 52-38 90t-90 38H128q-52 0-90-38t-38-90V384q0-52 38-90t90-38h128v-96q0-66 47-113T416 0h64q66 0 113 47t47 113v96h384v-96q0-66 47-113t113-47h64q66 0 113 47t47 113v96h128q52 0 90 38t38 90z\"><\/path>\n    <\/svg><\/span><\/a>\n                <\/div>\n                <div data-colibri-id=\"491-c27\" class=\"h-global-transition-all h-heading style-479 style-local-491-c27 position-relative h-element\">\n                  <!---->\n                  <div class=\"h-heading__outer style-479 style-local-491-c27\">\n                    <!---->\n                    <!---->\n                    <a href=\"https:\/\/www.mayagelinlik.com\/index.php\/2025\/09\/07\/gelinlik-randevusuna-gelirken-dikkat-edilecek-5-nokta\/\" h-use-smooth-scroll=\"true\">\n                      <h5 class=\"\">Randevu \u00d6ncesi<\/h5>\n                    <\/a>\n                  <\/div>\n                <\/div>\n              <\/div>\n            <\/div>\n          <\/div>\n          <div class=\"h-column h-column-container d-flex h-col-lg-3 h-col-md-3 h-col-12 style-477-outer style-local-491-c28-outer\">\n            <div data-colibri-id=\"491-c28\" class=\"d-flex h-flex-basis h-column__inner h-px-lg-3 h-px-md-3 h-px-2 v-inner-lg-3 v-inner-md-3 v-inner-2 style-477 style-local-491-c28 position-relative\">\n              <!---->\n              <!---->\n              <div class=\"w-100 h-y-container h-column__content h-column__v-align flex-basis-100 align-self-lg-center align-self-md-center align-self-center\">\n                <!---->\n                <div data-colibri-id=\"491-c29\" class=\"h-icon style-478 style-local-491-c29 position-relative h-element\">\n                  <!---->\n                  <a href=\"https:\/\/www.mayagelinlik.com\/index.php\/2025\/09\/07\/prova-ve-teslimat-sureci\/\" h-use-smooth-scroll=\"true\"><span class=\"h-svg-icon h-icon__icon style-478-icon style-local-491-c29-icon\"><!--Icon by Font Awesome (https:\/\/fontawesome.com)-->\n    <svg version=\"1.1\" xmlns=\"http:\/\/www.w3.org\/2000\/svg\" xmlns:xlink=\"http:\/\/www.w3.org\/1999\/xlink\" id=\"scissors\" viewBox=\"0 0 1792.0024 1896.0833\">\n      <path d=\"M960 896q26 0 45 19t19 45-19 45-45 19-45-19-19-45 19-45 45-19zm300 64l507 398q28 20 25 56-5 35-35 51l-128 64q-13 7-29 7-17 0-31-8l-690-387-110 66q-8 4-12 5 14 49 10 97-7 77-56 147.5T579 1580q-132 84-277 84-136 0-222-78-90-84-79-207 7-76 56-147t131-124q132-84 278-84 83 0 151 31 9-13 22-22l122-73-122-73q-13-9-22-22-68 31-151 31-146 0-278-84-82-53-131-124T1 541q-5-59 15.5-113T80 335q85-79 222-79 145 0 277 84 83 52 132 123t56 148q4 48-10 97 4 1 12 5l110 66 690-387q14-8 31-8 16 0 29 7l128 64q30 16 35 51 3 36-25 56zM579 700q46-42 21-108T494 475q-92-59-192-59-74 0-113 36-46 42-21 108t106 117q92 59 192 59 74 0 113-36zm-85 745q81-51 106-117t-21-108q-39-36-113-36-100 0-192 59-81 51-106 117t21 108q39 36 113 36 100 0 192-59zm178-613l96 58v-11q0-36 33-56l14-8-79-47-26 26q-3 3-10 11t-12 12q-2 2-4 3.5t-3 2.5zm224 224l96 32 736-576-128-64-768 431v113l-160 96 9 8q2 2 7 6 4 4 11 12t11 12l26 26zm704 416l128-64-520-408-177 138q-2 3-13 7z\"><\/path>\n    <\/svg><\/span><\/a>\n                <\/div>\n                <div data-colibri-id=\"491-c30\" class=\"h-global-transition-all h-heading style-479 style-local-491-c30 position-relative h-element\">\n                  <!---->\n                  <div class=\"h-heading__outer style-479 style-local-491-c30\">\n                    <!---->\n                    <!---->\n                    <a href=\"https:\/\/www.mayagelinlik.com\/index.php\/2025\/09\/07\/prova-ve-teslimat-sureci\/\" h-use-smooth-scroll=\"true\">\n                      <h5 class=\"\">PROVA VE TESLIMAT<\/h5>\n                    <\/a>\n                  <\/div>\n                <\/div>\n              <\/div>\n            <\/div>\n          <\/div>\n          <div class=\"h-column h-column-container d-flex h-col-lg-3 h-col-md-3 h-col-12 style-481-outer style-local-491-c31-outer\">\n            <div data-colibri-id=\"491-c31\" class=\"d-flex h-flex-basis h-column__inner h-px-lg-3 h-px-md-3 h-px-2 v-inner-lg-3 v-inner-md-3 v-inner-2 style-481 style-local-491-c31 position-relative\">\n              <!---->\n              <!---->\n              <div class=\"w-100 h-y-container h-column__content h-column__v-align flex-basis-100 align-self-lg-center align-self-md-center align-self-center\">\n                <!---->\n                <div data-colibri-id=\"491-c32\" class=\"h-icon style-478 style-local-491-c32 position-relative h-element\">\n                  <!---->\n                  <a href=\"https:\/\/www.mayagelinlik.com\/index.php\/iletisim\/\" h-use-smooth-scroll=\"true\"><span class=\"h-svg-icon h-icon__icon style-478-icon style-local-491-c32-icon\"><!--Icon by Font Awesome (https:\/\/fontawesome.com)-->\n    <svg version=\"1.1\" xmlns=\"http:\/\/www.w3.org\/2000\/svg\" xmlns:xlink=\"http:\/\/www.w3.org\/1999\/xlink\" id=\"envelope-o\" viewBox=\"0 0 1792 1896.0833\">\n      <path d=\"M1664 1504V736q-32 36-69 66-268 206-426 338-51 43-83 67t-86.5 48.5T897 1280h-2q-48 0-102.5-24.5T706 1207t-83-67q-158-132-426-338-37-30-69-66v768q0 13 9.5 22.5t22.5 9.5h1472q13 0 22.5-9.5t9.5-22.5zm0-1051v-24.5l-.5-13-3-12.5-5.5-9-9-7.5-14-2.5H160q-13 0-22.5 9.5T128 416q0 168 147 284 193 152 401 317 6 5 35 29.5t46 37.5 44.5 31.5T852 1143t43 9h2q20 0 43-9t50.5-27.5 44.5-31.5 46-37.5 35-29.5q208-165 401-317 54-43 100.5-115.5T1664 453zm128-37v1088q0 66-47 113t-113 47H160q-66 0-113-47T0 1504V416q0-66 47-113t113-47h1472q66 0 113 47t47 113z\"><\/path>\n    <\/svg><\/span><\/a>\n                <\/div>\n                <div data-colibri-id=\"491-c33\" class=\"h-global-transition-all h-heading style-479 style-local-491-c33 position-relative h-element\">\n                  <!---->\n                  <div class=\"h-heading__outer style-479 style-local-491-c33\">\n                    <!---->\n                    <!---->\n                    <a href=\"https:\/\/www.mayagelinlik.com\/index.php\/iletisim\/\" h-use-smooth-scroll=\"true\">\n                      <h5 class=\"\">\u0130LET\u0130\u015e\u0130M<\/h5>\n                    <\/a>\n                  <\/div>\n                <\/div>\n              <\/div>\n            <\/div>\n          <\/div>\n        <\/div>\n      <\/div>\n    <\/div>\n  <\/div>\n<\/div>","protected":false},"excerpt":{"rendered":"<p>Hayalinizdeki Gelinlik Burada! Gelinlerimizin \u00f6zel g\u00fcnlerine \u015f\u0131kl\u0131k kat\u0131yoruz. Maya Gelinlik&#8217;te her detay sizin [&hellip;]<\/p>\n","protected":false},"author":1,"featured_media":0,"parent":0,"menu_order":0,"comment_status":"closed","ping_status":"closed","template":"page-templates\/homepage.php","meta":{"footnotes":""},"class_list":["post-491","page","type-page","status-publish","hentry"],"_links":{"self":[{"href":"https:\/\/www.mayagelinlik.com\/index.php\/wp-json\/wp\/v2\/pages\/491","targetHints":{"allow":["GET"]}}],"collection":[{"href":"https:\/\/www.mayagelinlik.com\/index.php\/wp-json\/wp\/v2\/pages"}],"about":[{"href":"https:\/\/www.mayagelinlik.com\/index.php\/wp-json\/wp\/v2\/types\/page"}],"author":[{"embeddable":true,"href":"https:\/\/www.mayagelinlik.com\/index.php\/wp-json\/wp\/v2\/users\/1"}],"replies":[{"embeddable":true,"href":"https:\/\/www.mayagelinlik.com\/index.php\/wp-json\/wp\/v2\/comments?post=491"}],"version-history":[{"count":20,"href":"https:\/\/www.mayagelinlik.com\/index.php\/wp-json\/wp\/v2\/pages\/491\/revisions"}],"predecessor-version":[{"id":1253,"href":"https:\/\/www.mayagelinlik.com\/index.php\/wp-json\/wp\/v2\/pages\/491\/revisions\/1253"}],"wp:attachment":[{"href":"https:\/\/www.mayagelinlik.com\/index.php\/wp-json\/wp\/v2\/media?parent=491"}],"curies":[{"name":"wp","href":"https:\/\/api.w.org\/{rel}","templated":true}]}}